{"id":208,"date":"2019-02-08T11:41:41","date_gmt":"2019-02-08T13:41:41","guid":{"rendered":"http:\/\/southsouthscience.org\/novosite\/?page_id=208"},"modified":"2025-07-01T14:58:23","modified_gmt":"2025-07-01T17:58:23","slug":"congressos","status":"publish","type":"page","link":"https:\/\/southsouthscience.org\/novosite\/congressos\/","title":{"rendered":"Congressos"},"content":{"rendered":"\t\t<div data-elementor-type=\"wp-post\" data-elementor-id=\"208\" class=\"elementor elementor-208\" data-elementor-settings=\"{&quot;ha_cmc_init_switcher&quot;:&quot;no&quot;}\" data-elementor-post-type=\"page\">\n\t\t\t\t<div class=\"elementor-element elementor-element-a984375 e-flex e-con-boxed e-con e-parent\" data-id=\"a984375\" data-element_type=\"container\" data-e-type=\"container\" data-settings=\"{&quot;_ha_eqh_enable&quot;:false}\">\n\t\t\t\t\t<div class=\"e-con-inner\">\n\t\t<div class=\"elementor-element elementor-element-30e6e4a e-con-full e-flex e-con e-child\" data-id=\"30e6e4a\" data-element_type=\"container\" data-e-type=\"container\" data-settings=\"{&quot;_ha_eqh_enable&quot;:false}\">\n\t\t\t\t<div class=\"elementor-element elementor-element-e79680f elementor-widget elementor-widget-spacer\" data-id=\"e79680f\" data-element_type=\"widget\" data-e-type=\"widget\" data-widget_type=\"spacer.default\">\n\t\t\t\t<div class=\"elementor-widget-container\">\n\t\t\t\t\t\t\t<div class=\"elementor-spacer\">\n\t\t\t<div class=\"elementor-spacer-inner\"><\/div>\n\t\t<\/div>\n\t\t\t\t\t\t<\/div>\n\t\t\t\t<\/div>\n\t\t\t\t<\/div>\n\t\t\t\t\t<\/div>\n\t\t\t\t<\/div>\n\t\t<div class=\"elementor-element elementor-element-54d1370 e-flex e-con-boxed e-con e-parent\" data-id=\"54d1370\" data-element_type=\"container\" data-e-type=\"container\" data-settings=\"{&quot;_ha_eqh_enable&quot;:false}\">\n\t\t\t\t\t<div class=\"e-con-inner\">\n\t\t<div class=\"elementor-element elementor-element-d9b03cd e-con-full e-flex e-con e-child\" data-id=\"d9b03cd\" data-element_type=\"container\" data-e-type=\"container\" data-settings=\"{&quot;_ha_eqh_enable&quot;:false}\">\n\t\t\t\t<div class=\"elementor-element elementor-element-40a9b59 elementor-widget-divider--view-line elementor-widget elementor-widget-divider\" data-id=\"40a9b59\" data-element_type=\"widget\" data-e-type=\"widget\" data-widget_type=\"divider.default\">\n\t\t\t\t<div class=\"elementor-widget-container\">\n\t\t\t\t\t\t\t<div class=\"elementor-divider\">\n\t\t\t<span class=\"elementor-divider-separator\">\n\t\t\t\t\t\t<\/span>\n\t\t<\/div>\n\t\t\t\t\t\t<\/div>\n\t\t\t\t<\/div>\n\t\t\t\t<div class=\"elementor-element elementor-element-5419ad9 elementor-widget elementor-widget-heading\" data-id=\"5419ad9\" data-element_type=\"widget\" data-e-type=\"widget\" data-widget_type=\"heading.default\">\n\t\t\t\t<div class=\"elementor-widget-container\">\n\t\t\t\t\t<h4 class=\"elementor-heading-title elementor-size-default\">CONFER\u00caNCIAS<\/h4>\t\t\t\t<\/div>\n\t\t\t\t<\/div>\n\t\t\t\t<\/div>\n\t\t<div class=\"elementor-element elementor-element-3b32e45 e-con-full e-flex e-con e-child\" data-id=\"3b32e45\" data-element_type=\"container\" data-e-type=\"container\" data-settings=\"{&quot;_ha_eqh_enable&quot;:false}\">\n\t\t\t\t<div class=\"elementor-element elementor-element-e6a3eb1 elementor-widget elementor-widget-text-editor\" data-id=\"e6a3eb1\" data-element_type=\"widget\" data-e-type=\"widget\" data-widget_type=\"text-editor.default\">\n\t\t\t\t<div class=\"elementor-widget-container\">\n\t\t\t\t\t\t\t\t\t<p>A ISAS est\u00e1 atualmente organizando uma confer\u00eancia 5G para discutir os benef\u00edcios, bem como as implica\u00e7\u00f5es para a seguran\u00e7a e privacidade associadas ao 5G. No momento, estamos procurando indiv\u00edduos da ind\u00fastria, bem como acad\u00eamicos, think tanks e outros sem fins lucrativos e organiza\u00e7\u00f5es interessadas em participar.<\/p><p>Para obter mais informa\u00e7\u00f5es, envie seu curr\u00edculo e sua publica\u00e7\u00e3o para <a href=\"info@southsouthscience.org\" target=\"_blank\" rel=\"noopener\">info@southsouthscience.org.<\/a><\/p><p>A confer\u00eancia est\u00e1 prevista para acontecer na Europa na primavera de 2022 .<\/p><p>\u00a0<\/p>\t\t\t\t\t\t\t\t<\/div>\n\t\t\t\t<\/div>\n\t\t\t\t<\/div>\n\t\t\t\t\t<\/div>\n\t\t\t\t<\/div>\n\t\t\t\t<\/div>\n\t\t","protected":false},"excerpt":{"rendered":"<p>CONFER\u00caNCIAS A ISAS est\u00e1 atualmente organizando uma confer\u00eancia 5G para discutir os benef\u00edcios, bem como as implica\u00e7\u00f5es para a seguran\u00e7a e privacidade associadas ao 5G. No momento, estamos procurando indiv\u00edduos da ind\u00fastria, bem como acad\u00eamicos, think tanks e outros sem fins lucrativos e organiza\u00e7\u00f5es interessadas em participar. Para obter mais informa\u00e7\u00f5es, envie seu curr\u00edculo e [&hellip;]<\/p>\n","protected":false},"author":1,"featured_media":0,"parent":0,"menu_order":0,"comment_status":"closed","ping_status":"closed","template":"elementor_header_footer","meta":{"footnotes":""},"class_list":["post-208","page","type-page","status-publish","hentry","wpbf-post"],"yoast_head":"<!-- This site is optimized with the Yoast SEO plugin v26.5 - https:\/\/yoast.com\/wordpress\/plugins\/seo\/ -->\n<title>Congressos - Isas<\/title>\n<meta name=\"robots\" content=\"index, follow, max-snippet:-1, max-image-preview:large, max-video-preview:-1\" \/>\n<link rel=\"canonical\" href=\"https:\/\/southsouthscience.org\/novosite\/congressos\/\" \/>\n<meta property=\"og:locale\" content=\"pt_BR\" \/>\n<meta property=\"og:type\" content=\"article\" \/>\n<meta property=\"og:title\" content=\"Congressos - Isas\" \/>\n<meta property=\"og:description\" content=\"CONFER\u00caNCIAS A ISAS est\u00e1 atualmente organizando uma confer\u00eancia 5G para discutir os benef\u00edcios, bem como as implica\u00e7\u00f5es para a seguran\u00e7a e privacidade associadas ao 5G. No momento, estamos procurando indiv\u00edduos da ind\u00fastria, bem como acad\u00eamicos, think tanks e outros sem fins lucrativos e organiza\u00e7\u00f5es interessadas em participar. Para obter mais informa\u00e7\u00f5es, envie seu curr\u00edculo e [&hellip;]\" \/>\n<meta property=\"og:url\" content=\"https:\/\/southsouthscience.org\/novosite\/congressos\/\" \/>\n<meta property=\"og:site_name\" content=\"Isas\" \/>\n<meta property=\"article:modified_time\" content=\"2025-07-01T17:58:23+00:00\" \/>\n<meta name=\"twitter:card\" content=\"summary_large_image\" \/>\n<meta name=\"twitter:label1\" content=\"Est. tempo de leitura\" \/>\n\t<meta name=\"twitter:data1\" content=\"1 minuto\" \/>\n<script type=\"application\/ld+json\" class=\"yoast-schema-graph\">{\"@context\":\"https:\/\/schema.org\",\"@graph\":[{\"@type\":\"WebPage\",\"@id\":\"https:\/\/southsouthscience.org\/novosite\/congressos\/\",\"url\":\"https:\/\/southsouthscience.org\/novosite\/congressos\/\",\"name\":\"Congressos - Isas\",\"isPartOf\":{\"@id\":\"https:\/\/southsouthscience.org\/novosite\/#website\"},\"datePublished\":\"2019-02-08T13:41:41+00:00\",\"dateModified\":\"2025-07-01T17:58:23+00:00\",\"breadcrumb\":{\"@id\":\"https:\/\/southsouthscience.org\/novosite\/congressos\/#breadcrumb\"},\"inLanguage\":\"pt-BR\",\"potentialAction\":[{\"@type\":\"ReadAction\",\"target\":[\"https:\/\/southsouthscience.org\/novosite\/congressos\/\"]}]},{\"@type\":\"BreadcrumbList\",\"@id\":\"https:\/\/southsouthscience.org\/novosite\/congressos\/#breadcrumb\",\"itemListElement\":[{\"@type\":\"ListItem\",\"position\":1,\"name\":\"In\u00edcio\",\"item\":\"https:\/\/southsouthscience.org\/novosite\/\"},{\"@type\":\"ListItem\",\"position\":2,\"name\":\"Congressos\"}]},{\"@type\":\"WebSite\",\"@id\":\"https:\/\/southsouthscience.org\/novosite\/#website\",\"url\":\"https:\/\/southsouthscience.org\/novosite\/\",\"name\":\"Isas\",\"description\":\"SouthSouthScience\",\"potentialAction\":[{\"@type\":\"SearchAction\",\"target\":{\"@type\":\"EntryPoint\",\"urlTemplate\":\"https:\/\/southsouthscience.org\/novosite\/?s={search_term_string}\"},\"query-input\":{\"@type\":\"PropertyValueSpecification\",\"valueRequired\":true,\"valueName\":\"search_term_string\"}}],\"inLanguage\":\"pt-BR\"}]}<\/script>\n<!-- \/ Yoast SEO plugin. -->","yoast_head_json":{"title":"Congressos - Isas","robots":{"index":"index","follow":"follow","max-snippet":"max-snippet:-1","max-image-preview":"max-image-preview:large","max-video-preview":"max-video-preview:-1"},"canonical":"https:\/\/southsouthscience.org\/novosite\/congressos\/","og_locale":"pt_BR","og_type":"article","og_title":"Congressos - Isas","og_description":"CONFER\u00caNCIAS A ISAS est\u00e1 atualmente organizando uma confer\u00eancia 5G para discutir os benef\u00edcios, bem como as implica\u00e7\u00f5es para a seguran\u00e7a e privacidade associadas ao 5G. No momento, estamos procurando indiv\u00edduos da ind\u00fastria, bem como acad\u00eamicos, think tanks e outros sem fins lucrativos e organiza\u00e7\u00f5es interessadas em participar. Para obter mais informa\u00e7\u00f5es, envie seu curr\u00edculo e [&hellip;]","og_url":"https:\/\/southsouthscience.org\/novosite\/congressos\/","og_site_name":"Isas","article_modified_time":"2025-07-01T17:58:23+00:00","twitter_card":"summary_large_image","twitter_misc":{"Est. tempo de leitura":"1 minuto"},"schema":{"@context":"https:\/\/schema.org","@graph":[{"@type":"WebPage","@id":"https:\/\/southsouthscience.org\/novosite\/congressos\/","url":"https:\/\/southsouthscience.org\/novosite\/congressos\/","name":"Congressos - Isas","isPartOf":{"@id":"https:\/\/southsouthscience.org\/novosite\/#website"},"datePublished":"2019-02-08T13:41:41+00:00","dateModified":"2025-07-01T17:58:23+00:00","breadcrumb":{"@id":"https:\/\/southsouthscience.org\/novosite\/congressos\/#breadcrumb"},"inLanguage":"pt-BR","potentialAction":[{"@type":"ReadAction","target":["https:\/\/southsouthscience.org\/novosite\/congressos\/"]}]},{"@type":"BreadcrumbList","@id":"https:\/\/southsouthscience.org\/novosite\/congressos\/#breadcrumb","itemListElement":[{"@type":"ListItem","position":1,"name":"In\u00edcio","item":"https:\/\/southsouthscience.org\/novosite\/"},{"@type":"ListItem","position":2,"name":"Congressos"}]},{"@type":"WebSite","@id":"https:\/\/southsouthscience.org\/novosite\/#website","url":"https:\/\/southsouthscience.org\/novosite\/","name":"Isas","description":"SouthSouthScience","potentialAction":[{"@type":"SearchAction","target":{"@type":"EntryPoint","urlTemplate":"https:\/\/southsouthscience.org\/novosite\/?s={search_term_string}"},"query-input":{"@type":"PropertyValueSpecification","valueRequired":true,"valueName":"search_term_string"}}],"inLanguage":"pt-BR"}]}},"_links":{"self":[{"href":"https:\/\/southsouthscience.org\/novosite\/wp-json\/wp\/v2\/pages\/208","targetHints":{"allow":["GET"]}}],"collection":[{"href":"https:\/\/southsouthscience.org\/novosite\/wp-json\/wp\/v2\/pages"}],"about":[{"href":"https:\/\/southsouthscience.org\/novosite\/wp-json\/wp\/v2\/types\/page"}],"author":[{"embeddable":true,"href":"https:\/\/southsouthscience.org\/novosite\/wp-json\/wp\/v2\/users\/1"}],"replies":[{"embeddable":true,"href":"https:\/\/southsouthscience.org\/novosite\/wp-json\/wp\/v2\/comments?post=208"}],"version-history":[{"count":23,"href":"https:\/\/southsouthscience.org\/novosite\/wp-json\/wp\/v2\/pages\/208\/revisions"}],"predecessor-version":[{"id":969,"href":"https:\/\/southsouthscience.org\/novosite\/wp-json\/wp\/v2\/pages\/208\/revisions\/969"}],"wp:attachment":[{"href":"https:\/\/southsouthscience.org\/novosite\/wp-json\/wp\/v2\/media?parent=208"}],"curies":[{"name":"wp","href":"https:\/\/api.w.org\/{rel}","templated":true}]}}